inder when 338 is divided by s.
8
What is the remainder when -1*((-7 - 0) + -4267) is divided by 16?
2
Let n = -325 + 469. Calculate the remainder when 479 is divided by n.
47
Let l(c) = 2*c - 25. Let j = 29 + -29. Let q be l(j). Let k = 50 + q. What is the remainder when 47 is divided by k?
22
Let a(n) = 98*n**2 + 259*n - 50. Let j = -2 + 12. Calculate the remainder when a(-3) is divided by j.
5
Suppose -9130 = -20*f + 4930. Let g = f + -622. What is the remainder when g is divided by 30?
21
Let n = 59 + -38. Let u = -1091 + 1122. Suppose -6*l - 300 = -u*l. What is the remainder when n is divided by l?
9
Calculate the remainder when ((-36)/(-8))/(-9) - 1746/(-4) is divided by 17.
11
What is the remainder when ((-255)/(-20))/((-2)/(-24)) + -1 is divided by 52?
48
Suppose 3*l - 4*u = 82, -5*l + 0*l + 135 = -5*u. Let z = -76111 + 76142. Calculate the remainder when z is divided by l.
5
Suppose -29*x + 6554 + 11600 = 0. What is the remainder when 2/(-6) + x/6 is divided by 12?
8
Suppose 143 = 2*k + 90*w - 91*w, -5*w = 5*k - 305. What is the remainder when 404 is divided by k?
64
Suppose 0 = 2*v - 4*j - 5638, -1940*v = -1935*v - 2*j - 14111. Calculate the remainder when v is divided by 69.
63
Calculate the remainder when 1293 is divided by (-6)/(-24) - (-588)/16.
35
Let i = -15602 + 15644. Let z(m) = m + 9. Calculate the remainder when i is divided by z(8).
8
Suppose -5*u + 50 = -0*u. Let j(f) be the first derivative of -2*f**3/3 - 17*f**2/2 - 15*f - 83. What is the remainder when j(-6) is divided by u?
5
Let s be (5 + -6)/(3/129). Let t = 70 + s. What is the remainder when 42 is divided by t/2 + 24/16?
12
Let n be (-22022)/(-198) - (-1 + 11/9). Let s = -111 + n. Suppose -21*m + 22*m - 93 = s. Calculate the remainder when m is divided by 12.
9
Let v = 14396 - 14387. What is the remainder when 4993 is divided by v?
7
Suppose 4*i - 279 = -4*w - 31, 38 = w + 3*i. What is the remainder when ((-141)/4)/((-2)/8) is divided by w?
67
Let n(j) = -j**3 - 3*j**2 + 5*j + 70. Let q be n(9). Let d = -800 - q. Let b(p) = -29*p**3 - p**2 - p. What is the remainder when d is divided by b(-1)?
28
Let s = 41 + -37. Let h(d) = 8*d**2 + 7*d + 1. What is the remainder when h(s) is divided by 32?
29
Let u(x) = 2*x**3 + 35*x**2 - 10*x - 230. Let t(a) = -14*a + 5. What is the remainder when u(-17) is divided by t(-4)?
46
Let b = 6603 - 6536. Calculate the remainder when 110 is divided by b.
43
Suppose -248 = -2*q - 5*o, -3*q = 4*o - 306 - 73. Let u = -98 + q. Calculate the remainder when u is divided by 24.
7
Suppose 3*j - 181 + 109 = 0. Let i = -270 + 384. What is the remainder when i is divided by j?
18
Let c(v) = 13*v - 238 + 421 - 254. Let l(a) = 23*a + 3. What is the remainder when l(7) is divided by c(8)?
32
Suppose -17*s + 206 = 2. Suppose d + 2*d = s. Calculate the remainder when 81 is divided by d.
1
Let v be (2 + -15)/(-4 + 11/3). Suppose s - b - 7 = b, -2*s - 2*b = -32. Calculate the remainder when 13/v*(-1*138)/(-2) is divided by s.
10
Let c(k) = -10*k - 16. Let x(j) = j**3 + 2*j**2 - 5*j - 6. Calculate the remainder when x(4) is divided by c(-4).
22
Let r(f) be the third derivative of f**4/6 + 21*f**3/2 - 10*f**2 + 4*f. Calculate the remainder when 56 is divided by r(-12).
11
Suppose 44*s - 45*s - 22440 = -2*z, -z + 5*s = -11247. What is the remainder when z is divided by 30?
27
Let r = -4 - -33. Let l(s) = -2*s**3 + 14*s**2 - 11*s. Let v be l(6). Let a(f) = 35*f - 37. Calculate the remainder when a(v) is divided by r.
28
Suppose -9*g = -16*g - 294. Let j = g + 57. What is the remainder when 39 is divided by (20/3)/(-1*(-10)/j)?
9
Let f = -30409 - -30428. What is the remainder when 311 is divided by f?
7
Calculate the remainder when 451 is divided by 42/105*-30 - -17.
1
Let b = -22379 + 22459. Calculate the remainder when 900 is divided by b.
20
Let b be (1/(-2))/(15/(-90)) + -2. Calculate the remainder when 95/4 - (-2)/8 is divided by (6 - 5 - 5) + 9/b.
4
Suppose -4*m - 17 = 5*o - 76, -3*o = -4*m + 67. Calculate the remainder when m is divided by (-4*(-1)/(-8))/((-2)/48).
4
Let u = -359 + 350. Let k(a) = 14*a**2 + 124*a + 2. Calculate the remainder when k(u) is divided by 14.
6
Suppose 2*g - 164 = 5*n, -285 + 643 = 4*g - 5*n. Suppose 2*a + 29 = w, w - 3*a = 9 + 24. Calculate the remainder when g is divided by w.
13
Let w(c) = -4*c - 23. Let n be ((-3)/(-6))/((-3)/42). Let b be w(n). Suppose 0 = 3*r - b*r + 56. What is the remainder when r is divided by 15?
13
Suppose -545*o + 10970 + 944 = -2801. Calculate the remainder when 80 is divided by o.
26
Let s(t) = 12*t - 123. Calculate the remainder when (15/((-375)/130))/((-1)/60) is divided by s(11).
6
Suppose 20 = 5*v, 0 = -4*g + 4*v + 56 + 220. Suppose 0 = 5*h - 18 + 98. Let z = h - -31. What is the remainder when g is divided by z?
13
Let n(m) = 42*m - 24. Let u be n(7). Suppose -5*h + 5*y + u = 0, h + 2*y = 4*y + 58. Calculate the remainder when h is divided by 18.
14
Let f = 8 + -3. Suppose -4*n + 108 = 4*i, 8*i = n + f*i - 7. Calculate the remainder when 362/188964*57594 + ((-2)/6 - (3 + -2)) is divided by n.
21
Let t be (-3)/2*(-80)/15. Suppose 7*z - 285 = -t*z. Calculate the remainder when 185 is divided by z.
14
Let a(q) = -14*q**2 - 106*q + 573. Calculate the remainder when 5984 is divided by a(-11).
44
Calculate the remainder when -191*(15/(-10) - -1)/(2/4) is divided by 161.
30
Let v(j) = -13*j**3 - j**2 + 4*j + 1. Let a(n) = -n - 2. Let s(r) = -2*a(r) + v(r). Calculate the remainder when s(-1) is divided by 11.
0
Let j(b) = 24*b**2 - b - 1. Let y(c) = c**2 + 18*c + 18. Let s be -2*((-92)/(-8) + -3). Let i be y(s). What is the remainder when 40 is divided by j(i)?
18
Let j = 581 - 530. Suppose 0 = j*x - 149 - 922. Let o(b) = 25*b + 1. Calculate the remainder when o(4) is divided by x.
17
Let c(h) = 20*h**3 + 2*h + 5. Let u(w) = -19*w**3 - 3*w - 5. Let v(m) = 2*c(m) + 3*u(m). Let k = -1 - -12. Calculate the remainder when v(-1) is divided by k.
6
Let t be 325/130*1058/5. Let a = t - 436. Calculate the remainder when a is divided by 19.
17
Let j = -130 - -213. Suppose -x - 5*f = -4, -2*x + 6*f - f + j = 0. Calculate the remainder when 57 is divided by x.
28
Let o be (-23448)/16*(0 + (-236)/6). Calculate the remainder when o/413 + (-6)/(-14) is divided by 39.
23
Suppose -278*g = -146*g - 155*g + 22609. What is the remainder when g is divided by 197?
195
Suppose 4*o = 2*v - 398, v + 804 = 5*v - 4*o. Suppose k + 36 = s, s + 2*k + 175 = 205. What is the remainder when v is divided by s?
33
Suppose 6*c = 77 + 147 - 14. Calculate the remainder when 489 is divided by c.
34
Suppose 23*u + 88 = 31*u. Calculate the remainder when 804 is divided by 12 - u - (-3 + -27).
29
Let l(b) = 25*b - 158. Calculate the remainder when l(9) is divided by 11.
1
Suppose -5*i + 87 = n, i = -3*n - 3*i + 228. Let w(s) = s**3 + 38*s**2 - 423*s + 26. Calculate the remainder when n is divided by w(-47).
20
Let p = -1827 - -1837. Suppose 3*g = -g - 5*u + 20, -5*g + 38 = 3*u. What is the remainder when p is divided by g?
0
Let n = 494 - 297. Calculate the remainder when n is divided by 28/(-84) + (-291)/(-9) + -3.
23
Let c = 14 - 12. Suppose 5*z - 2*z = w + 14, -4*z + 22 = c*w. Calculate the remainder when 114 is divided by z.
4
Let f(t) = -t**3 + 60*t**2 - 59*t + 38. Calculate the remainder when 548/5 - (-4)/10 is divided by f(59).
34
Let j = -359 + 504. What is the remainder when 317 is divided by j?
27
Suppose 0*d - 317 = -4*w - d, -4*d + 83 = w. What is the remainder when (1/(1245/(-311) - -4))/(-1) is divided by w?
74
Let k = 0 - 0. Suppose k = -p - 0*p. Suppose -3*m - 3*q + 48 = p, 5*q + 75 = 4*m - 16. What is the remainder when 53 is divided by m?
15
Suppose 4*c - 658 = 7*b - 9*b, 5*c - 840 = b. Suppose 221 = 4*j - 5*g, 14*g - 18*g - c = -3*j. What is the remainder when 50 is divided by j?
1
Suppose d = 3*x - 125, x - 95 + 70 = -3*d. Calculate the remainder when 173 is divided by x.
13
Let r(i) = -i**2 + 24*i - 3. Let h be r(19). Let g be (-14)/77 + h/22. Suppose -6 = 3*f, 3*z - g*f + f = 66. What is the remainder when 58 is divided by z?
18
Let c(d) = d**3 - 24*d**2 + 47*d - 42. Let r be 20 - (24/6 + 0 - 6). Calculate the remainder when 47 is divided by c(r).
23
Let t(f) = f**3 + 241*f**2 - 1995*f - 732. Let k(h) = 3*h**3 